- -17. Suppose 6*m - 5*m + 5*j - 12 = 0, 4*j - 14 = -x*m. List the prime factors of m.
2
Let d(h) be the third derivative of -h**5/60 + h**4/8 - h**2. Let y be d(3). Suppose y = 5*r + 5*a - 40, r - 11 = 3*a + 9. What are the prime factors of r?
11
Suppose 2*k + 56 = -2*k. List the prime factors of (-2)/(-7) + (-290)/k.
3, 7
Suppose -p = 4*h - 241, -h + 2*h + 3*p - 52 = 0. List the prime factors of h.
61
Suppose -g - g + 41 = 5*z, -g + z = -31. Let l = g - 9. List the prime factors of l.
19
Let r = -201 - -372. What are the prime factors of ((-4)/(-6))/(3/r)?
2, 19
Let y be 11 + (1 - 2)*-1. Suppose 2*w + 4*x = y, -4*w + x - 6 = -x. Suppose -5*c + 2*c + 24 = w. List the prime factors of c.
2
Let b = 26 - 17. List the prime factors of b.
3
Let h = -61 - -28. Let b = -6 - h. Suppose -o + 4*z + 14 = 0, -17 = -4*o + 4*z + b. What are the prime factors of o?
2, 5
Let d(x) = -8*x**3 - 2*x**2 - 5*x - 4. List the prime factors of d(-3).
11, 19
Let o = -2 - -3. Let n(h) = -3 - o + 3*h + 6. What are the prime factors of n(3)?
11
Suppose -3*g = -4*t + 297, -4*t - g + 2*g + 307 = 0. What are the prime factors of t?
2, 3, 13
Suppose 0 = 3*g - n - 125, -4*g + 207 = g - 2*n. What are the prime factors of g?
43
Suppose -25 = 2*a + 3*a, 2*a + 14 = q. Suppose o + q*o = -80. Let u = 26 + o. What are the prime factors of u?
2, 5
Suppose 4*q - 2 = 50. Suppose 7*f - q = 6*f. List the prime factors of f.
13
Let n(m) = -m**3 - 10*m**2 - 2*m - 7. List the prime factors of n(-10).
13
Let n be 4 - 2 - -1 - 1. Let d be 1*0/n - 19. Let k = -7 - d. What are the prime factors of k?
2, 3
Let u = -34 + 24. Let l(j) = j**2 + 9*j + 14. List the prime factors of l(u).
2, 3
Let x = -6 - -83. What are the prime factors of x?
7, 11
Let m = 11 + -9. List the prime factors of 4/(10/4 - m).
2
Let q be 3 + 1/(1/1). Suppose 6 = 3*f - 9, q*u - 3*f = 117. What are the prime factors of u?
3, 11
Let i be 8*12*(-4)/(-8). Suppose 6*s + i = 8*s. What are the prime factors of s?
2, 3
Let z = -7 - -31. What are the prime factors of z?
2, 3
Suppose -23 = 5*q - 4*q + 5*a, q - 17 = 3*a. Suppose -z - q*z = 42. Let r = 25 + z. List the prime factors of r.
11
Let p(x) = -2*x - 5. Let m be p(-9). Suppose 2*u = m - 1. What are the prime factors of u?
2, 3
Let f(v) be the second derivative of -v**5/20 + v**4/3 + v**3/6 + v**2/2 + 2*v. Let a = 10 - 6. What are the prime factors of f(a)?
5
Let y be (-9)/(-12)*4 + -63. Let k = -38 - y. List the prime factors of k.
2, 11
Let k = -3 - -6. Suppose -2 + 8 = -k*c. List the prime factors of 3*-2*c/6.
2
What are the prime factors of (-6 + 10)*43/4?
43
Let u be (-2 + -1)/((-3)/8). Let r(n) = n**2 - 9*n + 11. Let z be r(u). Suppose -h + 3*x - 13 = -3*h, z*x = 2*h - 7. What are the prime factors of h?
5
Let a(s) = s**3 - s**2 + 3. Let g be a(0). Suppose -2*l + 7*u - g*u = 16, 2*l - u = -1. List the prime factors of l.
2
Suppose -4*n + 220 = 4*k, -5*n + 5*k + 0*k = -245. List the prime factors of n.
2, 13
Suppose 3*h = h + 6. Suppose -44 = h*w - 5*w. What are the prime factors of w?
2, 11
Let y(t) = t**2 - 6*t - 9. Let r be y(7). Let g(i) be the second derivative of i**4/4 + 2*i**3/3 + 3*i**2/2 + 2*i. List the prime factors of g(r).
7
Let u be (-24)/(-30) - (-254)/(-5). Let f = u + 73. What are the prime factors of f?
23
Let s = 0 - -8. Suppose w = -w + s. Suppose -3*z - w*m + 36 = 0, -2*m = 3*z - 5*m - 36. List the prime factors of z.
2, 3
Let m(k) = 4*k**2 - 26*k + 25. What are the prime factors of m(9)?
5, 23
Suppose -h + k + 2 = -0*k, 7 = -h + 4*k. Suppose 4*y + h*s - 14 = 3*s, 2*y + 2 = 2*s. Let x = 4 + y. What are the prime factors of x?
2, 3
Suppose -4*o = -12, -6*o = 2*z - o + 61. Let q = z + 60. List the prime factors of q.
2, 11
Let q = 34 - 25. Suppose -s = 4 - q. What are the prime factors of s?
5
Let v(j) = j**2 - 8*j + 1. List the prime factors of v(17).
2, 7, 11
Let c be (11*2)/(1 + 0). Let i = 38 - c. List the prime factors of i.
2
Let y be (3 + (3 - 5))*9. What are the prime factors of ((-45)/12)/(y/(-48))?
2, 5
List the prime factors of (6/(-8))/3 - (-836)/16.
2, 13
Let v = -7 + 11. Suppose -4*d + 12 = -z, 0 = 2*d + z - v - 2. Suppose -p - d*t = -6, -4*p + 14 = 4*t - 26. List the prime factors of p.
2, 3
Let h(x) = 8*x**2 + x. Let m be h(-1). Suppose -m*g + 2*g = -205. List the prime factors of g.
41
List the prime factors of 50/(-375) - 167/(-15).
11
Suppose 2*t - 5*b + 22 = -t, 20 = 4*b. What are the prime factors of 2*-1 + 5/t?
3
Let z = 72 + 6. List the prime factors of z.
2, 3, 13
Let a = -4 - -2. List the prime factors of 14*(a - (-10)/4).
7
Suppose 2 = -c + 8. Let g be (-4)/c - 4/12. What are the prime factors of (-17 + g)*4/(-6)?
2, 3
Let r(o) = -o**3 - 2*o**2 + 5*o + 1. Let w be r(-4). Suppose -3*b + 4*b + 8 = 0. Let p = b + w. List the prime factors of p.
5
Let h(d) = d**3 - 4*d**2 + 4*d + 1. Let a be h(3). Suppose -8 - a = -2*t. Suppose -b = b - t. List the prime factors of b.
3
Suppose s = 2*s - 3. Let z = 3 + s. List the prime factors of z.
2, 3
Let u(o) = -o**3 - 6*o**2 + 6*o - 7. Let v be u(-7). Suppose 4*t - 37 = -3*l, 0*t - t + 4 = 0. List the prime factors of (v + l)/(0 + 1).
7
Suppose 0 = -y + 5*m + 58, 4*y + 5*m = 38 + 119. List the prime factors of y.
43
Let v(p) be the third derivative of -p**6/120 + 3*p**5/20 + p**4/24 + 3*p**3/2 - p**2. List the prime factors of v(9).
2, 3
Suppose 2*a = 5*a - 4*m, a - 1 = m. Suppose 0*x + 7 = -x + 4*u, -a = 4*x - 4*u. What are the prime factors of (1 - -1) + (2 - x)?
3
Let z = 78 + -9. What are the prime factors of z?
3, 23
Let q(n) = -n**2 + 14*n - 18. Suppose -5*p = 2*v - 3*v + 604, -4*v + 136 = -p. Let l be (2/(-5))/(4/p). What are the prime factors of q(l)?
2, 3
Let d be (3 + 0/(-3))/1. Suppose -s - 4*s = -d*r - 31, r - 8 = -2*s. Suppose 4*a = -o - 15, 4*o + 2*a + 3*a = -s. List the prime factors of o.
5
Let f = 224 + -122. What are the prime factors of f?
2, 3, 17
Let w(p) = -6*p - 55. List the prime factors of w(-16).
41
Let p(y) = 4*y**2 - 2*y + 17. Let g(u) = -9*u**2 + 5*u - 35. Let f(l) = 3*g(l) + 7*p(l). List the prime factors of f(0).
2, 7
Suppose 0 = -3*y + 2*w - 0 + 8, -16 = 4*y + 4*w. Suppose 4*q = 4*p + 76, -2*q + 2*p - p + 41 = y. List the prime factors of q.
2, 11
Let q = 15 - 12. Suppose -h - 7 = -3*z, 0 = -4*h + 2*z + 5 - q. What are the prime factors of h?
2
Suppose 0*o - 4*u = 2*o + 68, 5*o - 2*u = -218. Suppose 2*r = 5*r + 12. List the prime factors of r/10 - o/5.
2
Suppose 2*l = 4*i - 240, 1 = -l + 3. What are the prime factors of i?
61
Suppose -6*y + y = -135. Let c = -16 + y. What are the prime factors of c?
11
Let i be 4/(-18) - 50/18. What are the prime factors of (-12)/i + -8 - -48?
2, 11
Suppose -2*d = 6*k - 11*k - 234, d + 2*k - 117 = 0. What are the prime factors of d?
3, 13
Let h(s) = -7*s + 2*s + s**2 - 2*s**2. Let x be h(-4). Suppose -3*u + 4 = -t, x*u - 1 = -5*t + 55. List the prime factors of t.
2
What are the prime factors of -2 + (-468)/(-4) + -3?
2, 7
Let a(c) = 2*c**2 - 6*c - 1. What are the prime factors of a(7)?
5, 11
Suppose 3*j = 4*i - 1708, i - 6*i + 3*j + 2138 = 0. What are the prime factors of i/15 - (-2)/6?
29
Let u(t) = -t - 4. Let j(v) = v + 2. Let c(b) = 5*j(b) + 3*u(b). Let z = 1 - -8. List the prime factors of c(z).
2
Let k(r) = r**2 - 3*r + 3. Suppose -5*c + c - 20 = -4*w, -2*c = w - 2. List the prime factors of k(w).
7
Let x be (0 - (7 + -2))*-1. Suppose -103 = -4*o + l, 5*o - 62 = -x*l + 48. What are the prime factors of o?
5
Suppose 7 = 3*b + 1. Suppose 27 = b*f + f. List the prime factors of f.
3
Suppose -4*a + 4*x = -136, 4*a - x - 19 = 108. What are the prime factors of a?
31
Suppose 5*g = 5*d + 5, 4*g + 1 - 9 = 3*d. What are the prime factors of d?
2
Let m(s) = -s**2 + 10*s - 8. What are the prime factors of m(8)?
2
Let z(a) = -a**3 - 8*a**2 - 3*a + 4. List the prime factors of z(-8).
2, 7
Let w = -16 + 6. List the prime factors of (w - 4)/(1/(-2)).
2, 7
Let h(p) = -2*p - 2. Let s be h(-4). Suppose -d = -s*d + 80. List the prime factors of d.
2
Let x(h) = -5*h**3 - 3*h**2 - 2*h - 3. Let i be x(-2). Suppose 3*s - i = -86. Let d = s - -34. List the prime factors of d.
3, 5
Let a = -37 - 68. Suppose 0 = 2*x + 17 + 3. List the prime factors of a/x - (-1)/2.
11
Let h(r) = r - 1. Suppose -3*x - b = -x - 7, 0 = -3*x + 2*b - 7. Let w be h